{"id":43,"date":"2016-03-22T21:47:40","date_gmt":"2016-03-22T21:47:40","guid":{"rendered":"http:\/\/oferta.zspczarnkow.edu.pl\/?page_id=43"},"modified":"2022-03-02T20:39:08","modified_gmt":"2022-03-02T19:39:08","slug":"regulamin-rekrutacji","status":"publish","type":"page","link":"https:\/\/oferta.zspczarnkow.edu.pl\/?page_id=43","title":{"rendered":"Kwalifikacyjne Kursy Zawodowe"},"content":{"rendered":"<p style=\"text-align: justify;\"><span style=\"color: #1a38b0;\"><strong>Zesp\u00f3<\/strong><strong>\u0142 Szk\u00f3\u0142 im. J\u00f3zefa Nojego w Czarnkowie prowadzi kwalifikacyjne kursy zawodowe dla wszystkich ch\u0119tnych, kt\u00f3rzy maj\u0105 uko\u0144czone 18 lat&nbsp; w <span style=\"color: #1a38b0;\">nast\u0119puj\u0105cych kwalifikacjach:<\/span><\/strong><\/span><\/p>\n<p><span style=\"color: #1a38b0;\"><strong>EKA.01&nbsp;&nbsp;&nbsp;&nbsp;&nbsp;&nbsp;&nbsp;&nbsp; Obs\u0142uga klienta w jednostkach administracji (w zawodzie technik administracji)<br \/>\n<\/strong><\/span><\/p>\n<p><span style=\"color: #1a38b0;\"><strong>FRK.04&nbsp; &nbsp;&nbsp;&nbsp;&nbsp;&nbsp;&nbsp; Wykonywanie zabieg\u00f3w kosmetycznych (w zawodzie technik us\u0142ug kosmetycznych)<br \/>\n<\/strong><\/span><\/p>\n<p><span style=\"color: #1a38b0;\"><strong>HAN.02 &nbsp;&nbsp;&nbsp;&nbsp;&nbsp;&nbsp; Prowadzenie dzia\u0142a\u0144 handlowych (w zawodzie technik handlowiec)<br \/>\n<\/strong><\/span><\/p>\n<p><span style=\"color: #1a38b0;\"><strong>EKA.07&nbsp;&nbsp;&nbsp;&nbsp;&nbsp;&nbsp;&nbsp;&nbsp; Prowadzenie rachunkowo\u015bci (w zawodzie technik rachunkowo\u015bci)<br \/>\n<\/strong><\/span><\/p>\n<p><span style=\"color: #1a38b0;\"><strong>SPL.<\/strong><strong>05&nbsp; &nbsp;&nbsp; &nbsp; &nbsp;&nbsp; Organizacja transportu oraz obs\u0142uga klient\u00f3w i&nbsp;kontrahent\u00f3w (w zawodzie technik spedytor)<\/strong><\/span><\/p>\n<p><span style=\"color: #1a38b0;\"><a style=\"color: #1a38b0;\" href=\"http:\/\/oferta.zspczarnkow.edu.pl\/wp-content\/uploads\/2016\/03\/pdf-download-icon.png\" rel=\"attachment wp-att-162\"><img loading=\"lazy\" decoding=\"async\" class=\"alignnone wp-image-162\" src=\"http:\/\/oferta.zspczarnkow.edu.pl\/wp-content\/uploads\/2016\/03\/pdf-download-icon.png\" alt=\"pdf-download-icon\" width=\"67\" height=\"67\" srcset=\"https:\/\/oferta.zspczarnkow.edu.pl\/wp-content\/uploads\/2016\/03\/pdf-download-icon.png 300w, https:\/\/oferta.zspczarnkow.edu.pl\/wp-content\/uploads\/2016\/03\/pdf-download-icon-150x150.png 150w\" sizes=\"(max-width: 67px) 100vw, 67px\" \/><\/a> <a style=\"color: #1a38b0;\" title=\"Podanie na kwalifikacyjny kurs zawodowy\" href=\"http:\/\/oferta.zspczarnkow.edu.pl\/wp-content\/uploads\/2020\/05\/podanie-KKZ-2020.pdf\" target=\"_blank\" rel=\"noopener\">Podanie na kwalifikacyjny kurs zawodowy<\/a><\/span><\/p>\n","protected":false},"excerpt":{"rendered":"<p>Zesp\u00f3\u0142 Szk\u00f3\u0142 im. J\u00f3zefa Nojego w Czarnkowie prowadzi kwalifikacyjne kursy zawodowe dla wszystkich ch\u0119tnych, kt\u00f3rzy maj\u0105 uko\u0144czone 18 lat&nbsp; w nast\u0119puj\u0105cych kwalifikacjach: EKA.01&nbsp;&nbsp;&nbsp;&nbsp;&nbsp;&nbsp;&nbsp;&nbsp; Obs\u0142uga klienta w jednostkach administracji (w zawodzie technik administracji) FRK.04&nbsp; &nbsp;&nbsp;&nbsp;&nbsp;&nbsp;&nbsp; Wykonywanie zabieg\u00f3w kosmetycznych (w zawodzie technik us\u0142ug kosmetycznych) HAN.02 &nbsp;&nbsp;&nbsp;&nbsp;&nbsp;&nbsp; Prowadzenie dzia\u0142a\u0144 handlowych (w zawodzie technik handlowiec) EKA.07&nbsp;&nbsp;&nbsp;&nbsp;&nbsp;&nbsp;&nbsp;&nbsp; Prowadzenie rachunkowo\u015bci (w [&hellip;]<\/p>\n","protected":false},"author":2,"featured_media":0,"parent":0,"menu_order":0,"comment_status":"closed","ping_status":"closed","template":"template-full-width.php","meta":{"footnotes":""},"_links":{"self":[{"href":"https:\/\/oferta.zspczarnkow.edu.pl\/index.php?rest_route=\/wp\/v2\/pages\/43"}],"collection":[{"href":"https:\/\/oferta.zspczarnkow.edu.pl\/index.php?rest_route=\/wp\/v2\/pages"}],"about":[{"href":"https:\/\/oferta.zspczarnkow.edu.pl\/index.php?rest_route=\/wp\/v2\/types\/page"}],"author":[{"embeddable":true,"href":"https:\/\/oferta.zspczarnkow.edu.pl\/index.php?rest_route=\/wp\/v2\/users\/2"}],"replies":[{"embeddable":true,"href":"https:\/\/oferta.zspczarnkow.edu.pl\/index.php?rest_route=%2Fwp%2Fv2%2Fcomments&post=43"}],"version-history":[{"count":32,"href":"https:\/\/oferta.zspczarnkow.edu.pl\/index.php?rest_route=\/wp\/v2\/pages\/43\/revisions"}],"predecessor-version":[{"id":563,"href":"https:\/\/oferta.zspczarnkow.edu.pl\/index.php?rest_route=\/wp\/v2\/pages\/43\/revisions\/563"}],"wp:attachment":[{"href":"https:\/\/oferta.zspczarnkow.edu.pl\/index.php?rest_route=%2Fwp%2Fv2%2Fmedia&parent=43"}],"curies":[{"name":"wp","href":"https:\/\/api.w.org\/{rel}","templated":true}]}}